Let q = 2 - 8. Is 399/14*(-4)/q a composite number?
False
Let z(o) = 169*o**3 - o**2 - 3*o + 3. Is z(2) a prime number?
False
Suppose -812 = -q + y - 308, 0 = 3*q + 5*y - 1472. Is q a composite number?
False
Let x(b) = b**3 - 5*b**2 - b + 6. Let t be x(5). Let s be 5 - (t + (1 - 1)). Suppose s*k + 2 = 86. Is k a prime number?
False
Let i(g) = 29*g + 7. Let x(o) = -87*o - 20. Let l(v) = -8*i(v) - 3*x(v). Is l(3) prime?
False
Suppose -36*l = -34*l + 2308. Let c = 1621 + l. Is c a prime number?
True
Let s(g) = -13*g**2 - g + 1. Let q be s(-4). Let h = 20 - q. Is h a composite number?
False
Let o = 740 + -489. Is o composite?
False
Let v(m) = m**3 - 4*m**2 - 3*m - 7. Let g be v(5). Suppose -g*p = -2*p - 3*i - 400, -2*p = -4*i - 798. Is p prime?
True
Suppose 8047 - 3011 = 4*q. Is q composite?
False
Suppose 1030 = 4*g - 510. Suppose x = -5*k + 6*x + g, 0 = -3*k - 4*x + 245. Is k composite?
False
Let t be (-56)/(-6) + (-3)/9. Suppose i = -3*v + 24, -2*i = 2*i - 5*v - 28. Let w = i - t. Is w prime?
True
Let z = 6146 - 4027. Is z composite?
True
Let t = -2 + 2. Suppose t*g = 2*g - 182. Is g a prime number?
False
Let y(x) = 43*x - 5. Let i be y(2). Suppose h = -4*j + 8 + i, j - 445 = -5*h. Is h composite?
False
Let v be 1/(2 + 15/(-9)). Suppose -6*l = -v*l - 87. Is l + 5 - (-1 - 0) prime?
False
Suppose 4*s + m + 4*m - 48 = 0, 0 = -2*s - 3*m + 26. Let n(r) = r**2 - 2*r - 4. Is n(s) a composite number?
False
Suppose 4*k - 11 = -3. Suppose 0 = -5*q, -4*z - k + 10 = 2*q. Suppose r - z*r + 472 = 4*j, -3*r - 590 = -5*j. Is j a composite number?
True
Is 16209/15 + (12/10)/3 a prime number?
False
Suppose -6249 = -f + 2*n, -2*f + 5*n + 12501 = -0*f. Is f a composite number?
True
Suppose -2*r + r - 4*g = 7, 0 = -3*r - 2*g + 19. Let p(f) = 2*f**3 - 13*f**2 + 3*f + 13. Is p(r) composite?
True
Suppose 2*j = 5*j. Suppose -3*a = j, -3*a = -k - 8*a - 55. Let l = k + 78. Is l composite?
False
Let w be (1/1)/((-3)/9). Is 206 + (-4 - w - 2) composite?
True
Is 248/7 + 6/(-14) prime?
False
Suppose -3*i - 3*j + 6*j = 6, -5*j + 10 = -3*i. Suppose i = -5*k + 61 + 4. Is k composite?
False
Let c(u) = 959*u**2 - 4*u + 5. Is c(2) a prime number?
True
Let b(n) = -n**3 + 9*n**2 - n. Let h be b(7). Suppose 4*i - 9 = h. Is i a prime number?
False
Suppose t - 643 = -5*l, -4*t + 2591 = l - 0*l. Suppose 3*s - 3*g - t = 0, 4*s - g + 3*g = 894. Is s a composite number?
True
Let h(k) = 7*k**2 + 6*k + 12. Let v(f) = -f**3 + 2*f**2 - 3*f + 1. Let l be v(2). Is h(l) composite?
False
Let w(g) = 147*g + 53. Is w(18) a prime number?
True
Let m(o) be the third derivative of -o**5/60 - o**3/6 - 5*o**2. Let k(s) = 98*s**2 - s + 6. Let z(g) = k(g) + 5*m(g). Is z(1) a composite number?
True
Let r(h) = -30*h - 25. Is r(-17) composite?
True
Suppose 2*c + 10 = 2. Let h be -4*c/(16/(-9)). Let m = h + 44. Is m prime?
False
Let a = -2 + 3. Suppose -2*s + 49 = -0*s - b, s + b - 23 = 0. Suppose -o + s = 2*r - a, 40 = o + 5*r. Is o a prime number?
False
Let t(s) be the second derivative of -2*s**3 - 3*s**2/2 - s. Is t(-6) a composite number?
True
Let c(u) = 3*u + 1. Let g(t) = -t + 7. Let o be g(6). Let d be c(o). Suppose -d*f + 6 = -30. Is f composite?
True
Is (-3 - -1)/((-2)/97) a composite number?
False
Let y = 49 + 3. Suppose 4*b - 8 = y. Is b a prime number?
False
Let s(c) = -c**2 + 5*c + 8. Suppose 1 = 5*j - 34. Let h be s(j). Is (430/h)/((-6)/18) a composite number?
True
Let p = 22 - 32. Is p/(-35) + 145/7 composite?
True
Let n = -532 + 828. Let i = n - 207. Is i a composite number?
False
Suppose -4*t + 1612 = 3*b, 3*t - 2*b = 3*b + 1180. Let q = 603 - t. Is q composite?
True
Let h = 35 + -30. Let p be ((-10)/6)/(3/(-675)). Suppose 5*t + h*f - p = 0, -t + 2*t = 5*f + 99. Is t a composite number?
False
Let a = -4 - -7. Suppose -6*r - 3*p = -2*r - 1216, -a*r = -p - 925. Is r a composite number?
False
Suppose -3*x - 1399 = 182. Let d = x - -139. Is (1/(-2))/(2/d) a prime number?
True
Let d = -5 + 8. Suppose 139 = d*k - 326. Is k composite?
True
Suppose -2*n = m - 12, -4*m + 6 + 36 = 5*n. Suppose m = -p + 3*p. Is (p/6)/((-2)/(-138)) prime?
False
Suppose 0 = -2*l - 4 - 4. Let z = 9 + l. Suppose -3*n + 109 = v, -5*n - z*v + 107 = -88. Is n prime?
False
Let v = 2 - -1. Is (-6)/(-2)*(5 - v) a prime number?
False
Let l = -132 - -583. Is l prime?
False
Let j be (-2)/6 + 13/3. Let d = 2 - j. Is (-26)/(d*2/10) a composite number?
True
Suppose 0 = j - 3, 0*j + 301 = -4*t - j. Suppose 0 = 3*g + 5*d - 308, 0*g + 237 = 2*g - 3*d. Let h = g + t. Is h a prime number?
False
Let m(d) = -33*d**3 - d**2 - 1. Is m(-1) a composite number?
False
Suppose 6*h - 3*h - 279 = 0. Is h a prime number?
False
Suppose -5*w - 657 = -2*g, w + 661 = g + g. Is g composite?
False
Let v(f) = -f**3 + 8*f**2 + 7*f - 7. Suppose -u + 3 = -h, h + 4*u = -0*u - 3. Let w(z) = -z**3 - 2*z**2 + z + 2. Let l be w(h). Is v(l) prime?
False
Suppose y - 39 = 4*f + 32, 237 = 3*y - 4*f. Is y a prime number?
True
Suppose 348 = 5*x - 47. Suppose -4*p = -5*p + x. Is p composite?
False
Let d(t) = 32*t**2 + 6*t + 3. Is d(-4) prime?
True
Suppose 4*j = 9*j - 50. Is j composite?
True
Suppose -486 = -6*m + 3*m - k, -4*k = 12. Is m a prime number?
True
Let j(t) = 145*t**2 - 3*t - 3. Is j(-2) a composite number?
True
Let j = 838 + -92. Is j composite?
True
Let l(y) = y**2 + 6*y + 2. Let f be l(-6). Suppose f*k + k + 372 = 3*a, 0 = -3*k - 4*a - 358. Let g = -25 - k. Is g a composite number?
False
Suppose -17*g = -21*g + 220. Suppose 2*i - 373 = -g. Is i composite?
True
Suppose 0 = -3*n + 9 + 240. Let c be -1 - 2 - -5 - 3. Is c/((-3)/6) + n prime?
False
Let h = 17 - 15. Suppose -160 = -h*f + z, 5*z - 98 = -f + z. Is f a composite number?
True
Suppose 4*m - 1 = 5*q, -q - 2*m + 10 = -1. Let x(u) = 42*u - 3. Is x(q) composite?
True
Let i = -237 - -169. Let m = 147 - i. Is m a prime number?
False
Let l be 758/6 + (-2)/(-3). Suppose 0 = 5*x + 15, 3*o - 2*x = -7*x - 18. Is l*(o - -2)*1 prime?
True
Let u = -3622 - -6201. Is u composite?
False
Suppose -17*d = -15*d - 230. Is d composite?
True
Let p(h) = 9 - 9 + 2*h. Let a be p(1). Suppose 3*w - 2*o = a*w + 49, 3*w = 2*o + 159. Is w composite?
True
Let n = 9 - -53. Suppose 2*o - n + 12 = 0. Is o a composite number?
True
Let i be (-1)/(-3) + (-24)/(-9). Is 894/4 - i/6 a prime number?
True
Suppose v - 39 - 173 = -3*b, 4*v - 900 = b. Suppose 166 = 2*c - v. Is c/9 - (-4)/(-6) a composite number?
True
Let h(u) = 6*u**2 + 6*u + 5. Is h(6) composite?
False
Suppose 2*z - a - 1 = 0, 4*z - 2*a = 2*a + 8. Let g = z - -36. Is g prime?
False
Let i be (-2 - -2) + 6/3. Suppose 0 = 3*q + i*h - 1306, 0 = 4*q + 3*h - 8*h - 1749. Let z = q + -305. Is z a composite number?
False
Suppose 4*h + 2*j + 477 - 3039 = 0, 5*j - 1918 = -3*h. Is h a composite number?
False
Suppose 0 = 8*f - 275 - 1221. Is f a composite number?
True
Suppose a + 49 + 34 = 0. Let k = -45 - a. Is k a prime number?
False
Suppose -5*a + 78 = 183. Is 4/6 + (-2737)/a composite?
False
Let q = 154 - 89. Is q a composite number?
True
Let s = -478 - -897. Is s composite?
False
Let p = 5 - -2. Let i(r) = r**3 - 5*r**2 - 3*r + 2. Is i(p) composite?
False
Let s(c) = 175*c - 11. Is s(2) a prime number?
False
Let r = 196 + 723. Is r prime?
True
Let a(h) be the first derivative of 2 - 4*h - 1/2*h**4 - 2*h**3 + 1/2*h**2. Is a(-5) prime?
False
Let a(l) = -2*l**3 + 4*l**2 + 6*l + 3. Is a(-2) a composite number?
False
Let q(b) = -4*b**3 - 2*b**2 + 1. Suppose 0 = x - 2*g - g + 4, x - 4*g + 5 = 0. Is q(x) prime?
True
Let y be -40*((-2)/(-4))/(-1). Is -3 - (-8 - -3)*y a prime number?
True
Suppose 3*d + 6 = 4*p, 5*d + 2*p = -0*p + 16. Suppose 3*i + 5*o - 22 = 0, 5*o - 2*o = -d*i + 14. Is (-37 + -1)/((-8)/i) a composite number?
False
Let s(z) = -542*z**3 - 3*z - 2. Is s(-1) a composite number?
True
Suppose -9*u + 5*u + 1052 = 0. Is u a prime number?
True
Suppose -2*g + g - 148 = 0. Let s = -64 - g. Let p = 137 - s. Is p a composite number?
False
Let j = 13 - 24. Let q = 7 + j. Is (5/(-2) + 0)*q a prime number?
False
Let k = 2 + 0. Let x be (-1 - -2)*(-1)/1. Is (30/(-4))/(x/k) a composite number?
True
Suppose m - 5*m = 0. Let b be 2*((-3)/6 - -2). Suppose -3*l - 66 = -b*f - m*l, f - 19 = 2*l. Is f composite?
True
Suppose -3*m + 22 = -5*w - 0, 0 = 5*w + 10. Suppose 6*z - m*z = -158. Let a = 334 - z. I